{"id":5690,"date":"2024-06-18T09:33:07","date_gmt":"2024-06-18T04:03:07","guid":{"rendered":"http:\/\/wptemplate-blog-multi-fr.local\/?page_id=5690"},"modified":"2024-06-26T08:36:53","modified_gmt":"2024-06-26T03:06:53","slug":"plan-du-site","status":"publish","type":"page","link":"https:\/\/pharmaciecoche.fr\/blog\/plan-du-site\/","title":{"rendered":"Plan du site"},"content":{"rendered":"\n<ul class=\"wp-block-list\">\n<li><div class=\"wsp-container\"><h2 class=\"wsp-posts-title\"><span class=\"ez-toc-section\" id=\"Articles-par-categorie\"><\/span>Articles par cat\u00e9gorie<span class=\"ez-toc-section-end\"><\/span><\/h2>\n<ul class=\"wsp-posts-list\">\n\t<li><strong class=\"wsp-category-title\">Cat\u00e9gorie\u00a0: <a href=\"https:\/\/pharmaciecoche.fr\/blog\/category\/detox-et-sante-digestive\/\">D\u00e9tox et Sant\u00e9 Digestive<\/a><\/strong>\n<ul class=\"wsp-posts-list\">\t\t<li class=\"wsp-post\"><a href=\"https:\/\/pharmaciecoche.fr\/blog\/programme-detox-dautomne-7-jours-pour-rebooster-votre-vitalite\/\">Programme D\u00e9tox d&rsquo;Automne : 7 Jours pour Rebooster Votre Vitalit\u00e9<\/a><\/li>\n<\/ul><\/li>\n\t<li><strong class=\"wsp-category-title\">Cat\u00e9gorie\u00a0: <a href=\"https:\/\/pharmaciecoche.fr\/blog\/category\/fitness-activite-physique\/\">Fitness et Activit\u00e9 Physique<\/a><\/strong>\n<ul class=\"wsp-posts-list\">\t\t<li class=\"wsp-post\"><a href=\"https:\/\/pharmaciecoche.fr\/blog\/yoga-matin-routine-15-minutes\/\">Yoga du Matin : Routine de 15 Minutes pour \u00c9nergiser Votre Journ\u00e9e<\/a><\/li>\n<\/ul><\/li>\n\t<li><strong class=\"wsp-category-title\">Cat\u00e9gorie\u00a0: <a href=\"https:\/\/pharmaciecoche.fr\/blog\/category\/medecines-douces-approches-naturelles\/\">M\u00e9decines Douces et Approches Naturelles<\/a><\/strong>\n<ul class=\"wsp-posts-list\">\t\t<li class=\"wsp-post\"><a href=\"https:\/\/pharmaciecoche.fr\/blog\/anxiete-plantes-adaptogenes\/\">Anxi\u00e9t\u00e9 et Plantes Adaptog\u00e8nes : Le Guide Complet des Solutions Naturelles<\/a><\/li>\n<\/ul><\/li>\n\t<li><strong class=\"wsp-category-title\">Cat\u00e9gorie\u00a0: <a href=\"https:\/\/pharmaciecoche.fr\/blog\/category\/nutrition-alimentation-sante\/\">Nutrition et Alimentation Sant\u00e9<\/a><\/strong>\n<ul class=\"wsp-posts-list\">\t\t<li class=\"wsp-post\"><a href=\"https:\/\/pharmaciecoche.fr\/blog\/aliments-probiotiques-semaine\/\">Microbiote Intestinal : 10 Aliments Probiotiques \u00e0 Int\u00e9grer Chaque Semaine<\/a><\/li>\n<\/ul><\/li>\n\t<li><strong class=\"wsp-category-title\">Cat\u00e9gorie\u00a0: <a href=\"https:\/\/pharmaciecoche.fr\/blog\/category\/sante-hormonale-cycle-vie\/\">Sant\u00e9 Hormonale et Cycle de Vie<\/a><\/strong>\n<ul class=\"wsp-posts-list\">\t\t<li class=\"wsp-post\"><a href=\"https:\/\/pharmaciecoche.fr\/blog\/menopause-strategies-holistiques\/\">M\u00e9nopause Naturelle : 8 Strat\u00e9gies Holistiques pour Traverser Cette Transition Sereinement<\/a><\/li>\n<\/ul><\/li>\n<\/ul>\n<\/div><\/li>\n\n\n\n<li><div class=\"wsp-container\"><h2 class=\"wsp-pages-title\"><span class=\"ez-toc-section\" id=\"Pages\"><\/span>Pages<span class=\"ez-toc-section-end\"><\/span><\/h2>\n<ul class=\"wsp-pages-list\">\n<li class=\"page_item page-item-4569 menu-item\"><a href=\"https:\/\/pharmaciecoche.fr\/blog\/contact\/\" class=\"menu-link\">Contact<\/a><\/li>\n<li class=\"page_item page-item-5690 menu-item\"><a href=\"https:\/\/pharmaciecoche.fr\/blog\/plan-du-site\/\" class=\"menu-link\">Plan du site<\/a><\/li>\n<li class=\"page_item page-item-4720 menu-item\"><a href=\"https:\/\/pharmaciecoche.fr\/blog\/privacy-policy\/\" class=\"menu-link\">Privacy Policy<\/a><\/li>\n<li class=\"page_item page-item-5772 menu-item\"><a href=\"https:\/\/pharmaciecoche.fr\/blog\/sitemap\/\" class=\"menu-link\">Sitemap<\/a><\/li>\n<\/ul>\n<\/div><\/li>\n<\/ul>\n","protected":false},"excerpt":{"rendered":"","protected":false},"author":4,"featured_media":0,"parent":0,"menu_order":0,"comment_status":"closed","ping_status":"closed","template":"","meta":{"_crdt_document":"","site-sidebar-layout":"default","site-content-layout":"","ast-site-content-layout":"default","site-content-style":"default","site-sidebar-style":"default","ast-global-header-display":"","ast-banner-title-visibility":"","ast-main-header-display":"","ast-hfb-above-header-display":"","ast-hfb-below-header-display":"","ast-hfb-mobile-header-display":"","site-post-title":"","ast-breadcrumbs-content":"","ast-featured-img":"","footer-sml-layout":"","ast-disable-related-posts":"","theme-transparent-header-meta":"","adv-header-id-meta":"","stick-header-meta":"","header-above-stick-meta":"","header-main-stick-meta":"","header-below-stick-meta":"","astra-migrate-meta-layouts":"default","ast-page-background-enabled":"default","ast-page-background-meta":{"desktop":{"background-color":"var(--ast-global-color-4)","background-image":"","background-repeat":"repeat","background-position":"center center","background-size":"auto","background-attachment":"scroll","background-type":"","background-media":"","overlay-type":"","overlay-color":"","overlay-opacity":"","overlay-gradient":""},"tablet":{"background-color":"","background-image":"","background-repeat":"repeat","background-position":"center center","background-size":"auto","background-attachment":"scroll","background-type":"","background-media":"","overlay-type":"","overlay-color":"","overlay-opacity":"","overlay-gradient":""},"mobile":{"background-color":"","background-image":"","background-repeat":"repeat","background-position":"center center","background-size":"auto","background-attachment":"scroll","background-type":"","background-media":"","overlay-type":"","overlay-color":"","overlay-opacity":"","overlay-gradient":""}},"ast-content-background-meta":{"desktop":{"background-color":"var(--ast-global-color-5)","background-image":"","background-repeat":"repeat","background-position":"center center","background-size":"auto","background-attachment":"scroll","background-type":"","background-media":"","overlay-type":"","overlay-color":"","overlay-opacity":"","overlay-gradient":""},"tablet":{"background-color":"var(--ast-global-color-5)","background-image":"","background-repeat":"repeat","background-position":"center center","background-size":"auto","background-attachment":"scroll","background-type":"","background-media":"","overlay-type":"","overlay-color":"","overlay-opacity":"","overlay-gradient":""},"mobile":{"background-color":"var(--ast-global-color-5)","background-image":"","background-repeat":"repeat","background-position":"center center","background-size":"auto","background-attachment":"scroll","background-type":"","background-media":"","overlay-type":"","overlay-color":"","overlay-opacity":"","overlay-gradient":""}},"footnotes":""},"class_list":["post-5690","page","type-page","status-publish","hentry"],"_links":{"self":[{"href":"https:\/\/pharmaciecoche.fr\/blog\/wp-json\/wp\/v2\/pages\/5690","targetHints":{"allow":["GET"]}}],"collection":[{"href":"https:\/\/pharmaciecoche.fr\/blog\/wp-json\/wp\/v2\/pages"}],"about":[{"href":"https:\/\/pharmaciecoche.fr\/blog\/wp-json\/wp\/v2\/types\/page"}],"author":[{"embeddable":true,"href":"https:\/\/pharmaciecoche.fr\/blog\/wp-json\/wp\/v2\/users\/4"}],"replies":[{"embeddable":true,"href":"https:\/\/pharmaciecoche.fr\/blog\/wp-json\/wp\/v2\/comments?post=5690"}],"version-history":[{"count":0,"href":"https:\/\/pharmaciecoche.fr\/blog\/wp-json\/wp\/v2\/pages\/5690\/revisions"}],"wp:attachment":[{"href":"https:\/\/pharmaciecoche.fr\/blog\/wp-json\/wp\/v2\/media?parent=5690"}],"curies":[{"name":"wp","href":"https:\/\/api.w.org\/{rel}","templated":true}]}}